2 + 3*k + 3. Give o(6).
-15
Let r(p) = -26*p - 125. Determine r(-7).
57
Let n(c) = -c**3 - 7*c**2 + c + 5. Give n(-5).
-50
Let h(y) = -58*y**3 - 1. Calculate h(-1).
57
Let n(b) = b**3 + 9*b**2 - 20*b + 10. Determine n(-11).
-12
Let v(d) = 15*d**3 + 2*d**2 - 3*d. Determine v(2).
122
Let j(w) = -w**3 + 12*w**2 - 23*w + 24. What is j(10)?
-6
Let h(g) = -g**2 + 2*g + 1. What is h(3)?
-2
Let j(h) = h**3 - 15*h**2 + 13*h - 16. Determine j(14).
-30
Let v(o) = 16*o + 10. Give v(1).
26
Let n(w) = -w**2 + 3*w - 1. Determine n(3).
-1
Let g(v) = 2*v**3 - 8*v**2 + 6*v + 4. What is g(5)?
84
Let z(g) = g**3 - 11*g**2 - 4*g - 7. Give z(5).
-177
Let w(v) = -v**2 - 35. Calculate w(0).
-35
Let m(t) = -3*t - 22. Calculate m(-8).
2
Let f(l) = l**3 - 4*l**2 - 2*l. What is f(3)?
-15
Let z(k) = -26*k + 933. Give z(36).
-3
Let c(s) = -2*s**2 - 22*s - 16. Determine c(-11).
-16
Let z(n) = -2*n + 21. What is z(10)?
1
Let m(p) = 9*p**2 + 76*p - 21. Give m(-9).
24
Let u(r) = -3*r**2 - 3*r - 2. What is u(-2)?
-8
Let k(j) = -j**2 + j + 8. What is k(8)?
-48
Let a(l) = -l**2 + 12*l - 8. Determine a(8).
24
Let h(u) = u**2 + 21*u - 4. What is h(-20)?
-24
Let m(z) = -z**2 - 15*z - 35. What is m(-7)?
21
Let d(j) = -24*j**3 - j**2 - j + 1. Give d(1).
-25
Let r(y) = -y**3 + y**2 + 2*y - 3. Determine r(2).
-3
Let g(f) = f**3 + 18*f**2 + 2*f + 33. What is g(-18)?
-3
Let q(a) = a**2 + 23*a + 77. Give q(-20).
17
Let q(n) = -2*n**3 + 6*n**2 + 11*n - 7. Give q(4).
5
Let q(v) = v**3 + 23*v**2 + 19*v + 6. Calculate q(-22).
72
Let s(t) = t**3 + 2*t**2 - 2. Calculate s(-2).
-2
Let l(r) = -2*r**2 + 7*r + 26. Calculate l(-4).
-34
Let d(k) = 2*k**2 + 18. What is d(5)?
68
Let u(f) = f**2 - 7*f - 27. What is u(9)?
-9
Let j(t) = -t**3 - 2*t**2 + 7*t + 12. Give j(-6).
114
Let s(b) = -11*b + 596. Calculate s(54).
2
Let p(n) = -n**3 - 5*n**2 + 3*n - 9. Calculate p(-6).
9
Let x(w) = -3*w**2 - 7*w - 21. What is x(-5)?
-61
Let v(r) = r**2 - 3*r - 2. Calculate v(3).
-2
Let c(h) = -2*h**2 + 39*h + 30. Give c(21).
-33
Let t(n) = n**2 + 6*n - 3. Give t(-7).
4
Let q(d) = d**3 + 3*d**2 - 5*d + 1. Determine q(-4).
5
Let b(z) = 2*z**2 + 13*z + 14. Give b(-1).
3
Let c(f) = 6*f + 23. Calculate c(-5).
-7
Let w(q) = -2*q + 20. What is w(10)?
0
Let s(y) = y - 17. What is s(21)?
4
Let x(p) = p**3 + 18*p**2 - 21*p - 43. Calculate x(-19).
-5
Let f(g) = g + 11. Give f(-13).
-2
Let b(y) = y**2 - 10*y - 12. Determine b(10).
-12
Let q(f) = f**3 + 6*f**2 - 5*f + 13. Give q(-7).
-1
Let p(g) = -2*g**2 - 37*g - 31. What is p(-17)?
20
Let m(t) = -t - 15. Calculate m(-4).
-11
Let x(n) = 2*n**3 - 17*n**2 + 20*n - 10. Calculate x(8).
86
Let h(m) = 3*m**2 + 4*m + 1. Calculate h(2).
21
Let l(t) = t - 12. Give l(8).
-4
Let g(p) = -p**3 - 4*p**2 - 6*p - 9. Give g(-3).
0
Let n(o) = -o**3 - o**2 - o - 13. Give n(0).
-13
Let v(q) = -73*q + 5. What is v(-1)?
78
Let l(g) = 2*g**2 - 5*g. Determine l(4).
12
Let b(f) = -f**3 - 4*f**2 - 3*f - 11. Calculate b(-5).
29
Let p(k) = -2*k**3 + 7*k**2 + 7*k - 15. What is p(4)?
-3
Let x(t) = -2*t**3 - 17*t**2 - 6*t + 19. Calculate x(-8).
3
Let l(c) = 5*c + 33. Give l(-10).
-17
Let h(d) = -6*d + 10. Calculate h(-2).
22
Let n(l) = l**2 + l - 17. Give n(4).
3
Let o(n) = -6*n + 50. Give o(8).
2
Let x(q) = q**3 - 3*q**2 - 5*q - 2. Give x(-3).
-41
Let j(x) = -x**3 - 28*x**2 - 34*x - 194. Calculate j(-27).
-5
Let o(j) = 15*j - 17. What is o(2)?
13
Let s(n) = -n**3 - 5*n**2 + 5*n + 11. Give s(-4).
-25
Let j(b) = -b**2 - b + 4. Determine j(-3).
-2
Let i(y) = -y**2 - 5*y - 1. What is i(5)?
-51
Let o(x) = x**2 + 9*x - 7. Calculate o(-9).
-7
Let c(d) = d**3 + 3*d**2 + 3*d + 12. Calculate c(-4).
-16
Let j(o) = -o**2 - 18*o + 208. Determine j(-26).
0
Let j(p) = p**3 - 19*p**2 + 20*p - 22. Give j(18).
14
Let l(v) = -3*v**2 + 4*v - 4. Determine l(3).
-19
Let l(b) = -b**3 - 4*b**2 + 9*b + 5. Calculate l(-6).
23
Let v(z) = -3*z - 5. Give v(-7).
16
Let t(i) = 2*i - 3. Give t(2).
1
Let k(c) = 2*c**3 - 57*c**2 - 27*c - 10. Calculate k(29).
48
Let s(l) = l**3 - 9*l**2 + l - 7. Determine s(9).
2
Let c(g) = -g**2 - 19*g - 84. Determine c(-11).
4
Let s(g) = g**3 + 5*g**2 - 6*g - 5. Determine s(4).
115
Let f(a) = 231*a**2 - 2*a + 1. Determine f(1).
230
Let f(n) = -2*n - 19. What is f(-6)?
-7
Let k(v) = -10*v - 93. Determine k(-9).
-3
Let j(z) = -z**2 + 2*z + 4. Determine j(-3).
-11
Let d(o) = 2*o**2 + 43*o - 1. Determine d(-22).
21
Let m(y) = -4*y + 30. Determine m(8).
-2
Let o(j) = j**2 - 14*j + 24. Calculate o(13).
11
Let q(j) = j - 7. Give q(4).
-3
Let t(m) = m**3 - 5*m**2 + 5*m + 3. Give t(4).
7
Let u(g) = 18*g + 428. What is u(-25)?
-22
Let b(a) = -2*a - 18. Give b(-13).
8
Let s(d) = 8*d. Determine s(1).
8
Let x(u) = u**2 + 3*u - 14. Calculate x(-7).
14
Let d(x) = -3*x + 20. Calculate d(4).
8
Let f(v) = -5*v**2 + 2*v + 2. Give f(3).
-37
Let n(p) = p**2 - p - 4. Determine n(2).
-2
Let x(v) = -v**3 - 17*v**2 + 19*v + 8. Give x(-18).
-10
Let n(c) = 61*c + 2010. Determine n(-33).
-3
Let h(p) = -p**3 - 2*p**2 + 5*p - 2. Determine h(3).
-32
Let w(s) = s**3 + 7*s**2 - 32*s - 124. Calculate w(-9).
2
Let c(h) = 2*h - 3. Give c(4).
5
Let k(u) = -u**2 + 12*u + 22. Determine k(14).
-6
Let t(g) = 11*g**2 + 233*g + 44. Give t(-21).
2
Let h(o) = 2*o**2 + 9*o + 18. Give h(-4).
14
Let j(i) = -2*i**2 + 15*i + 11. Calculate j(8).
3
Let u(c) = 2*c + 9. What is u(-7)?
-5
Let q(k) = k + 12. Determine q(-6).
6
Let b(r) = -6*r**3 + r**2 + 2*r. Give b(-1).
5
Let t(z) = -3*z - 6. What is t(3)?
-15
Let d(q) = q - 53. Determine d(30).
-23
Let b(n) = -3*n + 35. What is b(14)?
-7
Let k(i) = -10*i + 7. What is k(5)?
-43
Let j(x) = x**3 - 10*x**2 - 42*x + 31. What is j(13)?
-8
Let q(a) = a**3 + 4*a**2 - 13*a + 10. Determine q(-7).
-46
Let z(l) = 42*l + 3. What is z(-1)?
-39
Let j(y) = -y**2 + 2*y + 21. Determine j(5).
6
Let u(b) = -b**2 + 5. Determine u(7).
-44
Let s(h) = 2*h**2 + 7*h - 6. Calculate s(-4).
-2
Let q(o) = 2*o**2 - 67*o - 34. What is q(34)?
0
Let x(p) = -p**2 + 13*p - 23. What is x(17)?
-91
Let i(q) = q**3 - 9*q**2 + 3*q + 8. Determine i(9).
35
Let v(t) = -5*t**3 + t**2 - 1. Give v(-1).
5
Let n(y) = -16*y + 6. Determine n(2).
-26
Let w(y) = -11*y + 35. What is w(3)?
2
Let k(f) = -f**2 - 18*f + 87. Calculate k(-22).
-1
Let t(v) = 21*v**2 - 209*v - 6. Give t(10).
4
Let n(w) = -2*w - 64. Calculate n(-30).
-4
Let w(g) = 39*g - 303. Calculate w(8).
9
Let c(j) = -j**3 + 4*j**2 - 3*j - 5. What is c(3)?
-5
Let q(d) = 6*d**2 + 135*d - 76. Determine q(-23).
-7
Let j(x) = x**3 + 3*x**2 - 6*x - 4. Calculate j(-4).
4
Let s(a) = a - 26. Calculate s(-9).
-35
Let x(p) = 2*p**3 + 18*p**2 - 11*p + 9. Give x(-9).
108
Let h(x) = -x**3 + 11*x**2 + 9*x + 27. Give h(12).
-9
Let y(w) = 2*w - 76. Give y(29).
-18
Let a(z) = z**3 - 6*z**2 + 4*z + 9. Determine a(5).
4
Let h(z) = z**2 - 6*z - 5. Calculate h(6).
-5
Let v(f) = f + 2. What is v(-36)?
-34
Let x(s) = s**3 + s**2 - 8*s + 15. Calculate x(-4).
-1
Let z(k) = k**3 - 2*k**2 - 2*k - 1. Give z(4).
23
Let u(r) = -r - 5. Give u(8).
-13
Let h(c) = c**3 + 13*c**2 + 34*c - 13. What is h(-9)?
5
Let b(a) = a**2 - 28. Determine b(0).
-28
Let k(l) = 3*l - 3. Calculate k(3).
6
Let j(d) = -d**3 - 9*d**2 - 10*d + 4. Give j(-8).
20
Let n(b) = b**3 + 8*b**2 - 14*b - 43. Calculate n(-9).
2
Let w(p) = p - 17. Give w(-22).
-39
Let j(f) = 13*f**2 + 101*f - 23. Give j(-8).
1
Let t(l) = 2*l**2 - 48*l + 141. Calculate t(20).
-19
Let y(x) = x**3 + 11*x**2 + 11*x + 15. What is y(-10)?
5
Let i(w) = 7*w + 1. Determine i(-2).
-13
Let q(r) = r**2 + 3*r + 8. Determine q(-6).
26
Let n(p) = p**3 - 6*p**2 - 2*p + 12. Determine n(6).
0
Let p(x) = x + 4. Determine p(10).
14
Let x(y) = y**3 - 2*y**2 - 3*y + 3. Give x(2).
-3
Let m(h) = -h**3 + 9*h**2 - 4*h + 282. Give m(11).
-4
Let n(i) = 2*i**2 - 122*i - 509. Calculate n(65).
11
Let l(y) = 4*y - 10. What is l(7)?
18
Let q(m) = 5*m**3 + m**2 + 2. Calculate q(-2).
-34
Let h(z) = -3*z**2 - 10*z - 23. Determine h(-5).
-48
Let h(c) = 2*c - 1. What is h(-5)?
-11
Let c(g) = -2*g + 18. Give c(-9).
36
Let x(v) = -v**3 - 5*v**2 + 7*v + 7. What is x(-6)?
1
Let l(m) = -m**3 + 5*m**2 + 22*m + 19. Give l(8).
3
Let u(s) = 3*s - 1. Calculate u(2).
5
Let t(g) = g**3 - 27*g**2 + 49*g + 37. Determine t(25).
12
Let n(u) = -2*u**2 - 33*u + 23. What is n(-17)?
6
Let y(j) = j**3 - 2*j**2 - 18*j - 6. Determine y(-3).
